7185 is divided by 224?
209
What is the remainder when 447719 is divided by 7?
6
What is the remainder when 2519 is divided by 35?
34
What is the remainder when 891 is divided by 271?
78
What is the remainder when 140933 is divided by 742?
695
What is the remainder when 499993 is divided by 499983?
10
What is the remainder when 7658 is divided by 51?
8
Calculate the remainder when 5646 is divided by 942.
936
What is the remainder when 57557 is divided by 1644?
17
Calculate the remainder when 26030 is divided by 1002.
980
Calculate the remainder when 46008 is divided by 328.
88
What is the remainder when 63269 is divided by 69?
65
What is the remainder when 54606 is divided by 4?
2
What is the remainder when 108057 is divided by 159?
96
What is the remainder when 465097 is divided by 18?
13
What is the remainder when 2359 is divided by 121?
60
What is the remainder when 3481 is divided by 1595?
291
What is the remainder when 3417 is divided by 820?
137
Calculate the remainder when 2763 is divided by 880.
123
What is the remainder when 1943 is divided by 1175?
768
Calculate the remainder when 26071 is divided by 401.
6
What is the remainder when 4919 is divided by 62?
21
Calculate the remainder when 21813 is divided by 109.
13
What is the remainder when 65209 is divided by 8?
1
Calculate the remainder when 45518 is divided by 35.
18
What is the remainder when 69555 is divided by 6?
3
What is the remainder when 5334483 is divided by 65?
63
Calculate the remainder when 5039 is divided by 1230.
119
Calculate the remainder when 162 is divided by 57.
48
What is the remainder when 2331 is divided by 766?
33
Calculate the remainder when 9197 is divided by 30.
17
What is the remainder when 27617 is divided by 6899?
21
Calculate the remainder when 182186 is divided by 173.
17
Calculate the remainder when 1040 is divided by 367.
306
Calculate the remainder when 236729 is divided by 78897.
38
What is the remainder when 46190 is divided by 492?
434
Calculate the remainder when 1505 is divided by 75.
5
Calculate the remainder when 2975 is divided by 676.
271
Calculate the remainder when 21482 is divided by 9.
8
Calculate the remainder when 240118 is divided by 145.
143
What is the remainder when 1251 is divided by 224?
131
What is the remainder when 2111 is divided by 2109?
2
What is the remainder when 10998 is divided by 5493?
12
Calculate the remainder when 7783 is divided by 49.
41
Calculate the remainder when 9290 is divided by 41.
24
What is the remainder when 8296990 is divided by 66?
64
Calculate the remainder when 36188 is divided by 35.
33
Calculate the remainder when 5670 is divided by 171.
27
What is the remainder when 2622 is divided by 625?
122
What is the remainder when 19182 is divided by 31?
24
What is the remainder when 402141 is divided by 426?
423
What is the remainder when 283494 is divided by 34?
2
What is the remainder when 714 is divided by 284?
146
Calculate the remainder when 36274 is divided by 139.
134
What is the remainder when 66205 is divided by 4?
1
Calculate the remainder when 22171 is divided by 739.
1
Calculate the remainder when 401677 is divided by 190.
17
What is the remainder when 24090 is divided by 7953?
231
What is the remainder when 653453 is divided by 109?
107
Calculate the remainder when 29167 is divided by 73.
40
Calculate the remainder when 112597 is divided by 278.
7
Calculate the remainder when 90294 is divided by 30091.
21
What is the remainder when 152439 is divided by 11725?
14
Calculate the remainder when 670 is divided by 635.
35
What is the remainder when 227669 is divided by 1538?
45
What is the remainder when 433858 is divided by 170?
18
Calculate the remainder when 24139 is divided by 201.
19
What is the remainder when 5291 is divided by 21?
20
Calculate the remainder when 20847 is divided by 6943.
18
Calculate the remainder when 24342 is divided by 4046.
66
Calculate the remainder when 31163 is divided by 528.
11
Calculate the remainder when 38617 is divided by 309.
301
What is the remainder when 41405 is divided by 10?
5
Calculate the remainder when 251591 is divided by 136.
127
Calculate the remainder when 13724 is divided by 190.
44
What is the remainder when 811 is divided by 583?
228
Calculate the remainder when 4620944 is divided by 47.
45
Calculate the remainder when 16306 is divided by 1249.
69
Calculate the remainder when 10776 is divided by 1753.
258
Calculate the remainder when 25111 is divided by 25104.
7
What is the remainder when 28203 is divided by 57?
45
Calculate the remainder when 17347 is divided by 864.
67
What is the remainder when 91952 is divided by 2485?
7
What is the remainder when 158907 is divided by 46?
23
What is the remainder when 6558 is divided by 66?
24
What is the remainder when 12614 is divided by 12373?
241
Calculate the remainder when 3562963 is divided by 21.
19
Calculate the remainder when 49142 is divided by 49106.
36
What is the remainder when 1821719 is divided by 340?
339
Calculate the remainder when 1982 is divided by 42.
8
What is the remainder when 2413 is divided by 79?
43
What is the remainder when 30415 is divided by 225?
40
Calculate the remainder when 581407 is divided by 106.
103
Calculate the remainder when 74098 is divided by 118.
112
Calculate the remainder when 92646 is divided by 579.
6
What is the remainder when 45192 is divided by 226?
218
What is the remainder when 17148 is divided by 272?
12
Calculate the remainder when 2514 is divided by 1239.
36
What is the remainder when 294864 is divided by 98288?
0
What is the remainder when 3166 is divided by 132?
130
What is the remainder when 1667 is divided by 1597?
70
What is the remainder when 62409 is divided by 31194?
21
What is the remainder when 41840 is divided by 642?
110
Calculate the remainder when 47902 is divided by 9580.
2
Calculate the remainder when 981801 is divided by 122723.
17
Calculate the remainder when 8506 is divided by 129.
121
Calculate the remainder when 1124472 is divided by 825.
822
Calculate the remainder when 98332 is divided by 6143.
44
Calculate the remainder when 501 is divided by 63.
60
Calculate the remainder when 981 is divided by 493.
488
What is the remainder when 1318349 is divided by 17?
16
Calculate the remainder when 28541 is divided by 16.
13
Calculate the remainder when 274171 is divided by 57.
1
What is the remainder when 3300 is divided by 3279?
21
Calculate the remainder when 6085 is divided by 3032.
21
Calculate the remainder when 54925 is divided by 7843.
24
What is the remainder when 12828 is divided by 377?
10
Calculate the remainder when 5856 is divided by 5851.
5
What is the remainder when 10110 is divided by 3370?
0
What is the remainder when 5601945 is divided by 763?
762
Calculate the remainder when 151599 is divided by 10.
9
What is the remainder when 3651413 is divided by 2197?
2196
What is the remainder when 31996 is divided by 209?
19
What is the remainder when 679777 is divided by 5?
2
What is the remainder when 298124 is divided by 104?
60
Calculate the remainder when 1790 is divided by 293.
32
What is the remainder when 17753 is divided by 5838?
239
What is the remainder when 884 is divided by 26?
0
What is the remainder when 2158 is divided by 231?
79
What is the remainder when 54031 is divided by 260?
211
Calculate the remainder when 193719 is divided by 10.
9
Calculate the remainder when 7451 is divided by 916.
123
Calculate the remainder when 1005916 is divided by 209.
208
Calculate the remainder when 7537 is divided by 1365.
712
What is the remainder when 900 is divided by 338?
224
Calculate the remainder when 25262 is divided by 697.
170
Calculate the remainder when 38783 is divided by 50.
33
Calculate the remainder when 114574 is divided by 77.
75
What is the remainder when 9284 is divided by 2393?
2105
Calculate the remainder when 12947 is divided by 35.
32
What is the remainder when 526813 is divided by 586?
585
Calculate the remainder when 106436 is divided by 26606.
12
What is the remainder when 28936 is divided by 536?
528
What is the remainder when 6176 is divided by 23?
12
Calculate the remainder when 104554 is divided by 186.
22
What is the remainder when 1084 is divided by 280?
244
Calculate the remainder when 13119